12)) + -1 + 8
6
(-12 - (-1 + 2)) + (-3 - (-3 + 7))
-20
4 - -3 - (5 - (-6 + -3))
-7
-7 + 5 + (8 - 4 - 8)
-6
Calculate -5 + 17 + -11 - 2.
-1
What is 21 + 19 + -10 + -17?
13
What is -17 + 3 + 4 - -6 - (50 + -58)?
4
Evaluate -12 + 8 - 12 - -7 - (-25 + 8).
8
What is the value of 4 - (-13 - (6 - 18))?
5
What is 0 + (-17 - (9 - 16)) + 0?
-10
What is the value of 31 + -25 + -6 + -2 + -12?
-14
What is the value of (59 - 62) + (1 + (-2 - -1) - -2)?
-1
What is the value of (-3 - -6) + -10 - (18 + -17)?
-8
What is the value of 8 + (15 + -15 - 9)?
-1
What is 0 + 1 + 0 - (-4 - (-44 - -43))?
4
(-47 - (-16 - 6)) + 42
17
What is -9 - (-6 + 1 - (-2 - 6))?
-12
What is 1 + 7 - (8 + -6 - (23 + -27))?
2
2 + (1 - 4) - (1 - 6)
4
Calculate -6 - (-7 + -8 - 4).
13
Evaluate -12 + (10 + 0 - (-326 - -309)).
15
What is the value of (85 - 96) + 1 + 19?
9
What is the value of -4 + -6 + 16 + -3 + (0 - 5)?
-2
Evaluate -9 + -1 - (0 + -5 - (-58 + 47)).
-16
Evaluate -1 + 18 + (5 - (-17 + 26)).
13
69 + 18 + -47 + (-12 - (-3 + 2))
29
Calculate 3 - (-15 - -4 - -7 - 33) - 4.
36
What is the value of -5 - -28 - (-32 - -40)?
15
What is 27 + -14 + 4 + -13?
4
4 + 2 + 12 + -12 - -2
8
What is the value of (-1 - -14) + (76 - 97)?
-8
(-28 - -2) + 55 - 17
12
Calculate 3 + 21 - 1 - -3.
26
-1 + (16 - (-4 - (0 - 12)))
7
What is 14 + 11 + -14 + -1 + -4?
6
Evaluate -11 + (14 - (2 + -1)).
2
What is the value of (6 - (-2 - -7 - 7 - -5)) + 12?
15
What is the value of 11 - (11 + -34 + 13) - 8?
13
What is -33 + -28 + 26 - -22?
-13
-107 + 113 - ((-2 + 6 - 7) + 4)
5
What is -6 + (-3 + 4 - 1) + (34 - 24)?
4
(3 - 1) + 22 + -4
20
What is 0 + -1 - (5 + (5 - 10) + 10)?
-11
Calculate 0 - (16 + (11 - 15)).
-12
What is 14 - (6 + -12 + 8)?
12
-132 - -141 - ((-8 - -1) + 0 + 2)
14
What is 2 + -26 + 37 + 8?
21
Calculate -15 + (3 - -23) - -9.
20
Evaluate (-7 - -8) + 7 + -18 - -20.
10
-26 + (-36 - -88) + -49
-23
Evaluate -24 - ((22 - 45) + 15).
-16
What is the value of -2 + -17 + (377 - 352)?
6
Evaluate (187 - 197) + 18 + -1.
7
What is 29 + -36 - 24 - -34?
3
Calculate 8 + 7 - 17 - -15.
13
-7 + (-6 - -1) + 100 + -77
11
Calculate -33 + (-28 - -73) + 17.
29
Evaluate 14 + 0 - (3 + -10 + 12).
9
Evaluate -18 + -11 + 5 + (1 - 0) + 4.
-19
What is the value of (6 - (6 - -1)) + 2 + -9?
-8
Calculate (-21 - -14) + 17 + -17 + 1.
-6
What is 23 + (-31 - -5) + 37?
34
What is 0 + 9 - (31 - 12) - -8 - -5?
3
(13 - 10) + (3 - 1) + (0 - 4)
1
Calculate (23 - 8) + (-1 + -15 - (-9 - -2)).
6
What is the value of (-13 + 21 - -8) + -31?
-15
What is the value of -7 - (-11 + -28 + 9 + -2 + -11)?
36
Evaluate 16 + -3 + -4 + -7 - (6 - 2).
-2
Evaluate 15 - (21 + 12) - -12.
-6
What is the value of (-25 - (-3 - -3 - 6)) + 6?
-13
Calculate 0 + 11 - 26 - (-4 - 1).
-10
What is the value of (-2 - (2 - (10 - 3) - 0)) + -2?
1
Evaluate -3 + 3 + -19 + -2 - (56 - 61).
-16
(-31 - -27 - 10) + (-6 - 3)
-23
-17 - (-19 + 23 - 19)
-2
Evaluate 6 + (-4 - -3) - (-35 - -40).
0
What is 1 + -5 - (18 - (5 + 11))?
-6
What is 7 + (51 + -48 - (-2 - 1) - 49)?
-36
What is the value of 0 - (3 - 6) - (10 - 28) - 9?
12
303 + -326 - (1 - 11)
-13
-14 + -5 + 6 + 25
12
Evaluate (1 - (-5 - -8 - 2)) + 0.
0
Calculate 13 + (2 - (-20 - -28)).
7
(-40 + 49 - 24) + 9
-6
-3 + 14 + (10 - 22)
-1
1 - (10 + -28) - 10
9
Evaluate -103 + 136 - (15 + -12).
30
Calculate -19 + 19 + -36 + 15.
-21
Evaluate 11 + -24 - -2 - (0 + 4).
-15
22 + -3 + -5 - (2 - -5 - 5)
12
Evaluate -9 + (-29 - (-4 + -16)).
-18
Evaluate 3 + 5 + 3 + 0 + 17 + -13.
15
Calculate 906 + -902 - (17 + -2).
-11
What is the value of (23 - 2) + (-4 - 10)?
7
What is the value of 15 + -47 - (-15 + -10)?
-7
What is the value of -18 + (-19 - (-3 + -16 + 3 + 5))?
-26
What is the value of (-16 - -1) + 25 - 6?
4
What is the value of (4 + -8 - 2) + 18 + 5 - 0?
17
Evaluate (-3 - (11 + -14)) + 8 - (-3 + -1).
12
(-37 - (-58 - -30)) + -8
-17
Evaluate -1 + -8 + (1 - 3) + (0 - 6).
-17
What is -16 - (-6 + 6 + (-4 - 3)) - 5?
-14
Calculate -15 - (-6 - 4 - 4).
-1
What is -24 + 19 + -1 + -3?
-9
What is the value of -18 + (35 - (-3 - -18))?
2
What is -29 + (53 - (-5 + 33))?
-4
Calculate -8 + -3 + (231 - 201).
19
Evaluate -20 + -12 + 4 + 19.
-9
What is (-68 - -23 - -86) + -6 + -3?
32
(15 - 9 - 28) + 31
9
(3 + -1 - 6) + -368 + 380
8
Calculate (15 - (-9 - -13)) + -1.
10
Evaluate -4 + (-4 - 3) - (6 + -4 - 1).
-12
What is the value of (5 - (-7 - (0 - 6))) + (2 - 2)?
6
14 + (-16 - -2) - -8
8
Evaluate (-9 - -19) + -19 - (-5 - -16).
-20
Calculate (36 - (37 - 12)) + 4 + -2.
13
(2 - -1) + 1137 + -1166
-26
Calculate 2 - -3 - (0 + -7 + 3 - 3).
12
What is -103 + 122 - (13 + 0)?
6
What is (4 - -6) + 26 - (-5 + 11)?
30
Calculate -23 + 5 + -5 + 9 + -26 + 22.
-18
Evaluate -23 + 14 + -10 + 33.
14
Evaluate (-44 - -29) + 27 + -1.
11
What is 3 - ((0 - (6 + (-1 - 0))) + -1)?
9
Evaluate 355 - 359 - (21 + 4).
-29
Calculate (31 + -7 - -5) + -11.
18
(36 + -29 - (2 + 14)) + 13 + -15
-11
4 - 0 - (5 - (15 - 17))
-3
Evaluate -11 + 2 - (12 - (-10 - (-40 - 11))).
20
Calculate 31 + 0 - (332 - 280).
-21
Evaluate (-14 - -3) + (-10 - -8).
-13
Evaluate -604 + 605 - (-2 + 2).
1
Calculate (-4 - 3 - -5) + 3 - -2 - 13.
-10
Evaluate 9 + -7 - (10 + 20 + -6).
-22
What is (17 - 6) + (-1 - -2) + 6?
18
What is the value of -13 - (-17 - -19) - -25 - 22?
-12
Calculate -5 + (3 + -12 - -22 - 2).
6
What is the value of -121 + 122 - (1 - -12)?
-12
-352 + 389 + (-1 - 37)
-1
What is 3 - (5 + (6 - 14) + 10 - -14)?
-18
What is -2 - (20 + -7 + -19)?
4
-13 + (-21 - (18 - 56))
4
What is the value of 0 - (-7 - (-7 - (5 + -4 - 5)))?
4
Evaluate 2 + (-15 - ((2 - 0) + -10)).
-5
-5 + (13 - (0 + 8)) + -4 + 15
11
Evaluate 7 + -3 - (-5 - -14) - -20.
15
What is -35 - -23 - (8 + -1 + 4 + -1)?
-22
What is the value of 13 - (-4 - (3 - (5 + 1 + 0)))?
14
Calculate 3 + 20 + -7 + -8 + (6 - 3).
11
259 + -263 + (12 - 2 - -2)
8
What is -12 - (-12 + -1 - -1)?
0
What is -2 + (-3 - -1) + (-6 - -6)?
-4
What is the value of -6 + (-3 - (9 - (7 - 0)))?
-11
What is -13 - (2 + (1 - 15))?
-1
Evaluate 7 + (1 - 10) + (5 - 13).
-10
Calculate 5 + (-4 - (7 - -5)).
-11
Evaluate (-21 - -9) + 6 + -4.
-10
Calculate 25 + (-7 - 15 - 19).
-16
What is the value of 69 - 8 - 1 - 39?
21
What is the value of (9 - -29) + -13 - 1?
24
What is the value of (-7 - -2) + -5 + (18 - 22)?
-14
Calculate 0 - 2 - (-9 + (8 - -3 - -5)).
-9
What is the value of -11 - (-17 + 9 + -1 + -11) - -7?
16
What is the value of (-4 - (2 - 5)) + 7 + -2 + 7?
11
211 - 191 - (1 - -15)
4
Evaluate -12 + (-20 - (8 + 5 + -20)).
-25
What is (23 - (-19 - -12)) + -42?
-12
(-622 - -599) + 1 + 9
-13
What is the value of -2 - ((14 - -5) + -6) - (-1 + 1)?
-15
What is 1 - (3 + -4 + (0 - -4) + 4)?
-6
What is 5 + 6 - 21 - (3 - 4)?
-9
Calculate -24 + -9 + (14 - 1) + -2.
-22
What is (-25 - (-14 - -16)) + 15 - -6?
-6
Evaluate 9 - (6 - (-7 - -19)).
15
Calculate -14 - (20 - 38 - -11).
-7
Evaluate 0 - 28 - (-523 - -508).
-13
What is the value of -1 + -1 - (-2 - -41) - (-1027 + 1022)?
-36
Evaluate 22 - (-29 - (-109 - -34)).
-24
What is the value of (67 - 56 - (25 - -1)) + 5 + 0?
-10
What is the value of (2 - 3) + 1 + -7 - (-17 - -4)?
6
What is -24 + 12 + 20 + 5?
13
What is the value of 3 - (-2 - 4) - (-12 + 19)?
2
4 + 16 + -21 - (0 + -12 + -1)
12
What is the value of -31 + -1 + 13 + -22?
-41
Evaluate 14 - -3 - (414 + -409).
12
-9 + 3 + (-4 - -5) + -3
-8
-15 - (-6 + (-3 - -4))
-10
Evaluate -4 + (2 - -6) + -5 + (2 - 1).
0
Evaluate 2 - ((-6 - 4) + 8 - (1 - 9)).
-4
502 + -496 - (-11 + 2 + 2)
13
Evaluate (4 - 5) + 0 + 5 + -20 + 18.
2
Evaluate -1 + -1 + 5 + 3 + (3 - 18).
-9
-12 - (-23 + 2 + 9)
0
Calculate (-34 - -57) + (13 - (1 + 4)).
31
Calculate 9 + -5 + (-5 - (-1 + -5) - 12).
-7
Calculate -16 + 20 + 13 - 9.
8
What is the value of (-13 - (-40 - -19)) + (1 - 4)?
5
Calculate (-3 - (3 - 5)) + 24 + -13 - 28.
-18
Evaluate (18 - 23) + -1 + 1 - -10.
5
-7 + -1 - (37 + -5 + -12)
-28
0 + (-6 + -10 - -37)
21
What is -13 - ((5 - 13) + (-3 - (-10 - -3)))?
-9
Calculate -21 + 38 + 2 + -13 + -7.
-1
What is -2 + 5 + (-1 + 12 - 19) - 10?
-15
What is the value of (7 - 1) + -18 + 23 + -1?
10
Calculate (-17 - -14) + -14 - -13.
-4
What is the value of (15 - 0) + 3 - (-2 - (-7 - 0))?
13
Evaluate (19 - -6) + -3 + -13.
9
What is -15 - (-5 - (-8 + 9)) - (4 + 2)?
-15
5 + 1 + (-5 - (11 + (0 - 24)))
14
Evaluate (-23 - 31) + 50 - (3 - (-1 - -1)).
